e 13, what is 8 + 261?
269
In base 16, what is e + -5?
9
In base 8, what is 26 + -3?
23
In base 7, what is -66 + 242?
143
In base 2, what is 11 - 101100111000?
-101100110101
In base 8, what is 15 - -361?
376
In base 7, what is -12 + -1302?
-1314
In base 14, what is -11 + 77?
66
In base 6, what is 4 + 111?
115
In base 12, what is 54 - 30?
24
In base 12, what is -193 + -3?
-196
In base 4, what is 1131 + -10?
1121
In base 2, what is -10011 + -1000?
-11011
In base 16, what is -4 + -7e7?
-7eb
In base 5, what is 23442 - -40?
24032
In base 11, what is -367 + -1?
-368
In base 8, what is 123 + -6?
115
In base 9, what is -646 - 5?
-652
In base 11, what is -63a + -4?
-643
In base 3, what is -102 - 11001?
-11110
In base 15, what is 1 - 2ee?
-2ed
In base 15, what is -7d4 - -4?
-7d0
In base 5, what is -13400 + -14?
-13414
In base 15, what is 1 - 1218?
-1217
In base 8, what is -1 - 43?
-44
In base 9, what is -88 - 53?
-152
In base 3, what is 0 + -1002?
-1002
In base 4, what is -130 - 12?
-202
In base 14, what is -12b - -3?
-128
In base 5, what is -4 + -3234?
-3243
In base 4, what is -30211 + 11?
-30200
In base 3, what is 112021120 + 10?
112021200
In base 2, what is 1010 - 10011?
-1001
In base 15, what is -31 - 18?
-49
In base 2, what is 101100 + 100?
110000
In base 5, what is 112 - 3?
104
In base 8, what is -3 - 64?
-67
In base 6, what is -150 + 0?
-150
In base 13, what is 6 - -6?
c
In base 4, what is -2 - 21201?
-21203
In base 10, what is -567 + 4?
-563
In base 7, what is 4 + 4?
11
In base 2, what is -101100111 + -10000?
-101110111
In base 3, what is -12210221 - 0?
-12210221
In base 9, what is -2 + 10?
7
In base 7, what is -6 - -15?
6
In base 14, what is -4 - 21?
-25
In base 6, what is 24332 - -2?
24334
In base 5, what is -2341 - -4?
-2332
In base 9, what is 65 - -27?
103
In base 3, what is 2 + -1222?
-1220
In base 2, what is 1 - 100?
-11
In base 7, what is 3 - -153?
156
In base 11, what is 13 + -145?
-132
In base 5, what is 1 + -14310?
-14304
In base 6, what is 0 + 55?
55
In base 13, what is 490 - 3?
48a
In base 15, what is 3 - 77?
-74
In base 15, what is -5 - -18?
13
In base 16, what is 2 - -1a?
1c
In base 12, what is 2 - 7b?
-79
In base 5, what is -1 + -1403?
-1404
In base 10, what is 9 + -160?
-151
In base 8, what is -3460 - -2?
-3456
In base 11, what is 4 - 70?
-67
In base 3, what is 10 - -100222?
101002
In base 3, what is -10 + 202112?
202102
In base 10, what is -23 + -2?
-25
In base 14, what is 4 - 9c7?
-9c3
In base 3, what is 120 - -10220?
11110
In base 2, what is -11 + -1000101?
-1001000
In base 6, what is -21 - 22?
-43
In base 13, what is 50 - -9?
59
In base 7, what is 12054 + -1?
12053
In base 16, what is 4 - 16?
-12
In base 7, what is 4 - 14?
-10
In base 16, what is -2 - 152?
-154
In base 9, what is -12 + -666?
-678
In base 12, what is -4 + 0?
-4
In base 6, what is 45 - 2333?
-2244
In base 5, what is 3 - -434?
442
In base 7, what is -20 + -15?
-35
In base 7, what is 3 + 22?
25
In base 4, what is -112210 - 1?
-112211
In base 4, what is -10023 - -10?
-10013
In base 3, what is 202200 + 2?
202202
In base 7, what is 44 + 1?
45
In base 5, what is -4020 + -122?
-4142
In base 7, what is 15 + 25?
43
In base 11, what is 8 - 12?
-5
In base 16, what is 4 + -da?
-d6
In base 2, what is 11001 + 10?
11011
In base 11, what is -1790 - -8?
-1783
In base 3, what is -1122011 + 12?
-1121222
In base 14, what is -24 - c?
-32
In base 8, what is 36 - 0?
36
In base 12, what is -2 - -9b?
99
In base 5, what is 4420 - -1?
4421
In base 15, what is 6 + 11?
17
In base 5, what is 314 + -34?
230
In base 12, what is 8a2 - -2?
8a4
In base 11, what is 97 - -1?
98
In base 2, what is 101 - 10011000?
-10010011
In base 7, what is 5 - -1206?
1214
In base 10, what is -11 - 24?
-35
In base 13, what is 2 + cb?
100
In base 2, what is -11110 + 11011?
-11
In base 12, what is -a + -5?
-13
In base 8, what is -1 - 0?
-1
In base 8, what is -35 - 5?
-42
In base 8, what is 37 + -3?
34
In base 12, what is 1679 + -1?
1678
In base 3, what is 11 + -200022?
-200011
In base 14, what is 5 - -d9?
100
In base 9, what is -20 + -2?
-22
In base 10, what is -26 + -13?
-39
In base 6, what is 223 + -4?
215
In base 10, what is -296 + 0?
-296
In base 6, what is 2 + 10233?
10235
In base 13, what is 4 + -3c?
-38
In base 4, what is 100233 + -11?
100222
In base 6, what is 5 - -1121?
1130
In base 4, what is 2 + 310?
312
In base 5, what is 21340 - 0?
21340
In base 13, what is 8 - -329?
334
In base 11, what is 11 - 204?
-1a3
In base 14, what is -11 + c?
-3
In base 8, what is -27 - -16?
-11
In base 12, what is -3 + -2211?
-2214
In base 11, what is -242 + 1?
-241
In base 5, what is 4 + 13?
22
In base 2, what is -111 + 10110100?
10101101
In base 6, what is -134112 + 0?
-134112
In base 5, what is -12 + 320?
303
In base 12, what is 227b - -4?
2283
In base 12, what is 2138 - -3?
213b
In base 12, what is -1a - a?
-28
In base 7, what is -14 - 234?
-251
In base 11, what is -179 - -3?
-176
In base 9, what is -4 + 738?
734
In base 6, what is 4 - -1051?
1055
In base 13, what is -202 - -5?
-1ca
In base 16, what is -f - 1ba?
-1c9
In base 2, what is 10001011 - -1?
10001100
In base 15, what is -ce - -4?
-ca
In base 11, what is -2 - -23?
21
In base 3, what is -121 - 101021?
-101212
In base 5, what is 4214 + 112?
4331
In base 14, what is -14 + 0?
-14
In base 15, what is -42 - -2?
-40
In base 8, what is -2 - 340?
-342
In base 8, what is 14 + -24?
-10
In base 14, what is 78 + -42?
36
In base 7, what is -16 - 1244?
-1263
In base 7, what is 61 - 4?
54
In base 13, what is -1a50 - -2?
-1a4b
In base 14, what is 4 - 31c?
-318
In base 6, what is -1200 - -1?
-1155
In base 6, what is -5 + -113?
-122
In base 6, what is -2 - -52?
50
In base 13, what is -18 + -1?
-19
In base 4, what is 1101 - -11?
1112
In base 11, what is -294 - 3?
-297
In base 10, what is -8576 - 2?
-8578
In base 13, what is 28 - 6?
22
In base 4, what is -10 + 1003?
333
In base 11, what is -118 - -74?
-54
In base 6, what is -3321 + -3?
-3324
In base 12, what is 5 + -2?
3
In base 13, what is -70 + 7?
-66
In base 6, what is 220 - -2?
222
In base 2, what is 11010 - -110?
100000
In base 15, what is 15 - -3e?
54
In base 6, what is -32124 + 2?
-32122
In base 14, what is 1b + -5?
16
In base 4, what is 20 - 1323?
-1303
In base 15, what is 54 - -8a?
de
In base 6, what is 22 + -244?
-222
In base 12, what is -2 + -50?
-52
In base 13, what is -5 + 110b?
1106
In base 7, what is -100 - 4?
-104
In base 4, what is 0 + 10?
10
In base 5, what is -10 - -322?
312
In base 16, what is 9 - -7b?
84
In base 10, what is -56 - -269?
213
In base 10, what is -1 - 20?
-21
In base 5, what is -10 + 312?
302
In base 8, what is -225 + 73?
-132
In base 8, what is 4 - 6235?
-6231
In base 10, what is 7 + -13?
-6
In base 12, what is 3 + -21?
-1a
In base 4, what is -3 - 1220?
-1223
In base 7, what is -1 + 6116?
6115
In base 9, what is 14 - 1?
13
In base 2, what is -100 + 100010000101?
100010000001
In base 15, what is 2b - d?
1d
In base 6, what is 2223 - 3?
2220
In base 10, what is -2 - 144?
-146
In base 13, what is -1c + a?
-12
In base 7, what is -3 - -112?
106
In base 11, what is -1 - 64?
-65
In base 16, what is 4 - -39?
3d
In base 14, what is -899 - -5?
-894
In base 5, what is 24 + 40?
114
In base 4, what is -201 - 110?
-311
In base 6, what is -100510 + 1?
-100505
In base 5, what is -12223 - 4?
-12232
In base 11, what is 10 - -1160?
1170
In base 13, what is -4 + -25b3?
-25b7
In base 10, what is 0 + -254?
-254
In base 10, what is 1225 - 8?
1217
In base 8, what is 50 - -2?
52
In base 4, what is 1103 - 10133?
-3030
In base 15, what is 25 - -2a4?
2c9
In base 2, what is 110 + -11010?
-10100
In base 15, what is 15 - -23?
38
In base 9, what is -226 - 22?
-248
In base 16, what is -10ed + 2?
-10eb
In base 2, what is -1 + -10101111011?
-10101111100
In base 16, what is -1 + 4a?
49
In base 11, what is 1 - 23?
-22
In base 11, what is 1 - a27?
-a26
In base 11, what is 6 + 11?
17
In base 12, what is -373 + -2?
-375
In base 13, what is a4a8 + -3?
a4a5
In base 11, what is -2 + -59?
-60
In base 3, what is -1000 - 21?
-1021
In base 12, what is 0 + 36?
36
In base 14, what is 1 - -2b0?
2b1
In base 7, what is -2 - -6551?
6546
In base 10, what is -9 + 1230?
1221
In base 4, what is -23210 - 3?
-23213
In base 5, what is -3 - -204?
201
In base